e remainder when 6389 is divided by 71.
70
Calculate the remainder when 413 is divided by 205.
3
Calculate the remainder when 163 is divided by 53.
4
Calculate the remainder when 117 is divided by 10.
7
Calculate the remainder when 699 is divided by 22.
17
Calculate the remainder when 376 is divided by 121.
13
Calculate the remainder when 6462 is divided by 8.
6
What is the remainder when 284 is divided by 48?
44
Calculate the remainder when 1846 is divided by 33.
31
Calculate the remainder when 27874 is divided by 202.
200
Calculate the remainder when 3527 is divided by 295.
282
Calculate the remainder when 98 is divided by 5.
3
Calculate the remainder when 61 is divided by 29.
3
What is the remainder when 348 is divided by 73?
56
What is the remainder when 562 is divided by 556?
6
Calculate the remainder when 27 is divided by 9.
0
What is the remainder when 417 is divided by 384?
33
Calculate the remainder when 964 is divided by 142.
112
Calculate the remainder when 87 is divided by 33.
21
What is the remainder when 60 is divided by 31?
29
What is the remainder when 373 is divided by 74?
3
Calculate the remainder when 222 is divided by 29.
19
Calculate the remainder when 1608 is divided by 54.
42
What is the remainder when 1266 is divided by 223?
151
What is the remainder when 1075 is divided by 139?
102
What is the remainder when 3856 is divided by 94?
2
Calculate the remainder when 880 is divided by 49.
47
What is the remainder when 54 is divided by 20?
14
Calculate the remainder when 4115 is divided by 217.
209
What is the remainder when 3958 is divided by 37?
36
Calculate the remainder when 708 is divided by 73.
51
What is the remainder when 290 is divided by 42?
38
What is the remainder when 94 is divided by 12?
10
Calculate the remainder when 275 is divided by 139.
136
What is the remainder when 75 is divided by 53?
22
What is the remainder when 274 is divided by 43?
16
Calculate the remainder when 297 is divided by 77.
66
What is the remainder when 1340 is divided by 139?
89
What is the remainder when 643 is divided by 46?
45
What is the remainder when 149 is divided by 59?
31
Calculate the remainder when 7744 is divided by 5.
4
Calculate the remainder when 1925 is divided by 21.
14
Calculate the remainder when 147 is divided by 38.
33
What is the remainder when 67 is divided by 18?
13
Calculate the remainder when 485 is divided by 88.
45
Calculate the remainder when 274 is divided by 55.
54
Calculate the remainder when 190 is divided by 25.
15
Calculate the remainder when 4307 is divided by 11.
6
What is the remainder when 3888 is divided by 229?
224
Calculate the remainder when 711 is divided by 232.
15
Calculate the remainder when 231 is divided by 21.
0
What is the remainder when 1673 is divided by 419?
416
Calculate the remainder when 549 is divided by 6.
3
Calculate the remainder when 382 is divided by 80.
62
Calculate the remainder when 256 is divided by 132.
124
What is the remainder when 251 is divided by 201?
50
What is the remainder when 2370 is divided by 108?
102
What is the remainder when 645 is divided by 229?
187
What is the remainder when 589 is divided by 126?
85
Calculate the remainder when 509 is divided by 102.
101
What is the remainder when 243 is divided by 77?
12
What is the remainder when 565 is divided by 140?
5
What is the remainder when 100 is divided by 78?
22
Calculate the remainder when 518 is divided by 40.
38
What is the remainder when 422 is divided by 47?
46
Calculate the remainder when 24 is divided by 2.
0
Calculate the remainder when 407 is divided by 48.
23
What is the remainder when 135 is divided by 36?
27
Calculate the remainder when 4902 is divided by 24.
6
Calculate the remainder when 17 is divided by 1.
0
Calculate the remainder when 425 is divided by 39.
35
Calculate the remainder when 16 is divided by 5.
1
What is the remainder when 196 is divided by 40?
36
What is the remainder when 2817 is divided by 1407?
3
Calculate the remainder when 43 is divided by 9.
7
Calculate the remainder when 58 is divided by 14.
2
Calculate the remainder when 98 is divided by 55.
43
What is the remainder when 380 is divided by 74?
10
What is the remainder when 15420 is divided by 97?
94
Calculate the remainder when 222 is divided by 56.
54
Calculate the remainder when 1791 is divided by 46.
43
What is the remainder when 4643 is divided by 46?
43
What is the remainder when 219 is divided by 152?
67
What is the remainder when 650 is divided by 322?
6
What is the remainder when 189 is divided by 53?
30
What is the remainder when 528 is divided by 106?
104
Calculate the remainder when 26 is divided by 14.
12
Calculate the remainder when 72 is divided by 4.
0
Calculate the remainder when 4639 is divided by 20.
19
Calculate the remainder when 563 is divided by 22.
13
Calculate the remainder when 486 is divided by 123.
117
Calculate the remainder when 300 is divided by 82.
54
Calculate the remainder when 2299 is divided by 22.
11
Calculate the remainder when 244 is divided by 21.
13
What is the remainder when 1702 is divided by 12?
10
Calculate the remainder when 58 is divided by 6.
4
What is the remainder when 653 is divided by 6?
5
What is the remainder when 59 is divided by 16?
11
Calculate the remainder when 1904 is divided by 101.
86
What is the remainder when 1382 is divided by 314?
126
What is the remainder when 294 is divided by 103?
88
Calculate the remainder when 139 is divided by 22.
7
What is the remainder when 3517 is divided by 23?
21
What is the remainder when 274 is divided by 50?
24
What is the remainder when 81 is divided by 14?
11
Calculate the remainder when 684 is divided by 68.
4
Calculate the remainder when 599 is divided by 86.
83
Calculate the remainder when 135 is divided by 34.
33
What is the remainder when 155 is divided by 18?
11
Calculate the remainder when 55 is divided by 28.
27
What is the remainder when 130 is divided by 70?
60
Calculate the remainder when 60 is divided by 5.
0
What is the remainder when 289 is divided by 38?
23
Calculate the remainder when 52 is divided by 23.
6
What is the remainder when 119 is divided by 11?
9
Calculate the remainder when 115 is divided by 52.
11
Calculate the remainder when 2127 is divided by 38.
37
What is the remainder when 136 is divided by 27?
1
What is the remainder when 336 is divided by 151?
34
What is the remainder when 159 is divided by 28?
19
What is the remainder when 248 is divided by 238?
10
What is the remainder when 115 is divided by 44?
27
Calculate the remainder when 188 is divided by 29.
14
Calculate the remainder when 290 is divided by 22.
4
Calculate the remainder when 493 is divided by 165.
163
What is the remainder when 118 is divided by 42?
34
Calculate the remainder when 2072 is divided by 17.
15
Calculate the remainder when 223 is divided by 25.
23
What is the remainder when 2542 is divided by 166?
52
What is the remainder when 262 is divided by 18?
10
Calculate the remainder when 9678 is divided by 16.
14
Calculate the remainder when 282 is divided by 160.
122
Calculate the remainder when 19702 is divided by 8.
6
What is the remainder when 14 is divided by 3?
2
Calculate the remainder when 12876 is divided by 14.
10
Calculate the remainder when 197 is divided by 8.
5
What is the remainder when 33 is divided by 14?
5
What is the remainder when 95 is divided by 38?
19
What is the remainder when 10145 is divided by 15?
5
What is the remainder when 810 is divided by 19?
12
Calculate the remainder when 50 is divided by 11.
6
What is the remainder when 36 is divided by 29?
7
Calculate the remainder when 413 is divided by 40.
13
Calculate the remainder when 1870 is divided by 33.
22
What is the remainder when 425 is divided by 213?
212
What is the remainder when 177 is divided by 15?
12
Calculate the remainder when 69 is divided by 14.
13
Calculate the remainder when 51521 is divided by 44.
41
What is the remainder when 47 is divided by 14?
5
Calculate the remainder when 1744 is divided by 868.
8
Calculate the remainder when 206 is divided by 21.
17
Calculate the remainder when 155 is divided by 58.
39
Calculate the remainder when 1582 is divided by 72.
70
What is the remainder when 186 is divided by 47?
45
Calculate the